{"id":3270,"date":"2022-07-20T12:29:37","date_gmt":"2022-07-20T08:29:37","guid":{"rendered":"https:\/\/pro-mauritius.com\/home\/?page_id=3270"},"modified":"2025-05-01T18:24:24","modified_gmt":"2025-05-01T14:24:24","slug":"begleitung","status":"publish","type":"page","link":"https:\/\/pro-mauritius.com\/home\/dienstleistungen\/begleitung\/","title":{"rendered":"Laufende Begleitung"},"content":{"rendered":"<p>[et_pb_section fb_built=&#8221;1&#8243; _builder_version=&#8221;4.16&#8243; _module_preset=&#8221;default&#8221; global_colors_info=&#8221;{}&#8221;][et_pb_row _builder_version=&#8221;4.16&#8243; _module_preset=&#8221;default&#8221; custom_padding=&#8221;||2px|||&#8221; global_colors_info=&#8221;{}&#8221;][et_pb_column type=&#8221;4_4&#8243; _builder_version=&#8221;4.16&#8243; _module_preset=&#8221;default&#8221; global_colors_info=&#8221;{}&#8221;][et_pb_text _builder_version=&#8221;4.16&#8243; _module_preset=&#8221;default&#8221; global_colors_info=&#8221;{}&#8221;]<\/p>\n<h1>Laufende Begleitung<\/h1>\n<p>[\/et_pb_text][\/et_pb_column][\/et_pb_row][et_pb_row _builder_version=&#8221;4.16&#8243; _module_preset=&#8221;default&#8221; global_colors_info=&#8221;{}&#8221;][et_pb_column type=&#8221;4_4&#8243; _builder_version=&#8221;4.16&#8243; _module_preset=&#8221;default&#8221; global_colors_info=&#8221;{}&#8221;][et_pb_text _builder_version=&#8221;4.16&#8243; _module_preset=&#8221;default&#8221; global_colors_info=&#8221;{}&#8221;]<\/p>\n<p>Die laufende Begleitung bei Ihrem Vorhaben in Mauritius \u00fcber 6 oder 12 Monate ist eine sinnvolle Erg\u00e4nzung zu den Silber- und Goldpaketen in den Bereichen <a href=\"https:\/\/pro-mauritius.com\/home\/dienstleistungen\/immobilien-coaching\/\">Immobilienkauf<\/a>, <a href=\"https:\/\/pro-mauritius.com\/home\/dienstleistungen\/unternehmensgruendung\/\">Unternehmensgr\u00fcndung<\/a>, <a href=\"https:\/\/pro-mauritius.com\/home\/dienstleistungen\/auswanderungs-coaching\/\">Auswanderung,<\/a> und beinhaltet das Goldpaket des Coachings zur\u00a0<a href=\"https:\/\/pro-mauritius.com\/home\/dienstleistungen\/bankkonto-coaching\/\">Bankkonto-Er\u00f6ffnung<\/a>.<\/p>\n<p>&nbsp;<\/p>\n<p>[\/et_pb_text][\/et_pb_column][\/et_pb_row][et_pb_row _builder_version=&#8221;4.16&#8243; _module_preset=&#8221;default&#8221; custom_padding=&#8221;0px||1px|||&#8221; global_colors_info=&#8221;{}&#8221;][et_pb_column type=&#8221;4_4&#8243; _builder_version=&#8221;4.16&#8243; _module_preset=&#8221;default&#8221; global_colors_info=&#8221;{}&#8221;][et_pb_image src=&#8221;https:\/\/pro-mauritius.com\/wp-content\/uploads\/2025\/05\/preise-lb-Mai-2025.png&#8221; title_text=&#8221;preise-lb Mai 2025&#8243; _builder_version=&#8221;4.19.5&#8243; _module_preset=&#8221;default&#8221; hover_enabled=&#8221;0&#8243; global_colors_info=&#8221;{}&#8221; sticky_enabled=&#8221;0&#8243;][\/et_pb_image][\/et_pb_column][\/et_pb_row][et_pb_row _builder_version=&#8221;4.16&#8243; _module_preset=&#8221;default&#8221; global_colors_info=&#8221;{}&#8221;][et_pb_column type=&#8221;4_4&#8243; _builder_version=&#8221;4.16&#8243; _module_preset=&#8221;default&#8221; global_colors_info=&#8221;{}&#8221;][et_pb_text _builder_version=&#8221;4.16&#8243; _module_preset=&#8221;default&#8221; global_colors_info=&#8221;{}&#8221;]<\/p>\n<p>Habe ich Ihr Interesse geweckt? Dann schreiben Sie mir bitte eine Nachricht an info(at)pro-mauritius.com.<\/p>\n<p>Ein Orientierungsgespr\u00e4ch zum Kennenlernen (Dauer: 15 bis 30 Minuten via Zoom, Skype, Telegram oder Signal) ist kostenlos.<\/p>\n<p>[\/et_pb_text][\/et_pb_column][\/et_pb_row][\/et_pb_section]<\/p>\n","protected":false},"excerpt":{"rendered":"<p>Laufende BegleitungDie laufende Begleitung bei Ihrem Vorhaben in Mauritius \u00fcber 6 oder 12 Monate ist eine sinnvolle Erg\u00e4nzung zu den Silber- und Goldpaketen in den Bereichen Immobilienkauf, Unternehmensgr\u00fcndung, Auswanderung, und beinhaltet das Goldpaket des Coachings zur\u00a0Bankkonto-Er\u00f6ffnung. &nbsp;Habe ich Ihr Interesse geweckt? Dann schreiben Sie mir bitte eine Nachricht an info(at)pro-mauritius.com. Ein Orientierungsgespr\u00e4ch zum Kennenlernen (Dauer: [&hellip;]<\/p>\n","protected":false},"author":1,"featured_media":0,"parent":1274,"menu_order":0,"comment_status":"closed","ping_status":"closed","template":"","meta":{"_et_pb_use_builder":"on","_et_pb_old_content":"","_et_gb_content_width":""},"yoast_head":"<!-- This site is optimized with the Yoast SEO plugin v17.9 - https:\/\/yoast.com\/wordpress\/plugins\/seo\/ -->\n<title>Laufende Begleitung - Pro Mauritius<\/title>\n<meta name=\"description\" content=\"Laufende Begleitung bei Ihrem Vorhaben in Mauritius: Von der Planung bis zur erfolgreichen Umsetzung mit einer strukturierten Vorgehensweise\" \/>\n<meta name=\"robots\" content=\"index, follow, max-snippet:-1, max-image-preview:large, max-video-preview:-1\" \/>\n<link rel=\"canonical\" href=\"https:\/\/pro-mauritius.com\/home\/dienstleistungen\/begleitung\/\" \/>\n<meta property=\"og:locale\" content=\"en_US\" \/>\n<meta property=\"og:type\" content=\"article\" \/>\n<meta property=\"og:title\" content=\"Laufende Begleitung - Pro Mauritius\" \/>\n<meta property=\"og:description\" content=\"Laufende Begleitung bei Ihrem Vorhaben in Mauritius: Von der Planung bis zur erfolgreichen Umsetzung mit einer strukturierten Vorgehensweise\" \/>\n<meta property=\"og:url\" content=\"https:\/\/pro-mauritius.com\/home\/dienstleistungen\/begleitung\/\" \/>\n<meta property=\"og:site_name\" content=\"Pro Mauritius\" \/>\n<meta property=\"article:modified_time\" content=\"2025-05-01T14:24:24+00:00\" \/>\n<meta name=\"twitter:card\" content=\"summary_large_image\" \/>\n<meta name=\"twitter:label1\" content=\"Est. reading time\" \/>\n\t<meta name=\"twitter:data1\" content=\"1 minute\" \/>\n<script type=\"application\/ld+json\" class=\"yoast-schema-graph\">{\"@context\":\"https:\/\/schema.org\",\"@graph\":[{\"@type\":\"WebSite\",\"@id\":\"https:\/\/pro-mauritius.com\/home\/#website\",\"url\":\"https:\/\/pro-mauritius.com\/home\/\",\"name\":\"Pro Mauritius\",\"description\":\"One-stop Consulting for companies, entrepreneurs and expats relocating to Mauritius\",\"potentialAction\":[{\"@type\":\"SearchAction\",\"target\":{\"@type\":\"EntryPoint\",\"urlTemplate\":\"https:\/\/pro-mauritius.com\/home\/?s={search_term_string}\"},\"query-input\":\"required name=search_term_string\"}],\"inLanguage\":\"en-US\"},{\"@type\":\"WebPage\",\"@id\":\"https:\/\/pro-mauritius.com\/home\/dienstleistungen\/begleitung\/#webpage\",\"url\":\"https:\/\/pro-mauritius.com\/home\/dienstleistungen\/begleitung\/\",\"name\":\"Laufende Begleitung - Pro Mauritius\",\"isPartOf\":{\"@id\":\"https:\/\/pro-mauritius.com\/home\/#website\"},\"datePublished\":\"2022-07-20T08:29:37+00:00\",\"dateModified\":\"2025-05-01T14:24:24+00:00\",\"description\":\"Laufende Begleitung bei Ihrem Vorhaben in Mauritius: Von der Planung bis zur erfolgreichen Umsetzung mit einer strukturierten Vorgehensweise\",\"breadcrumb\":{\"@id\":\"https:\/\/pro-mauritius.com\/home\/dienstleistungen\/begleitung\/#breadcrumb\"},\"inLanguage\":\"en-US\",\"potentialAction\":[{\"@type\":\"ReadAction\",\"target\":[\"https:\/\/pro-mauritius.com\/home\/dienstleistungen\/begleitung\/\"]}]},{\"@type\":\"BreadcrumbList\",\"@id\":\"https:\/\/pro-mauritius.com\/home\/dienstleistungen\/begleitung\/#breadcrumb\",\"itemListElement\":[{\"@type\":\"ListItem\",\"position\":1,\"name\":\"Home\",\"item\":\"https:\/\/pro-mauritius.com\/home\/\"},{\"@type\":\"ListItem\",\"position\":2,\"name\":\"Dienstleistungen\",\"item\":\"https:\/\/pro-mauritius.com\/home\/dienstleistungen\/\"},{\"@type\":\"ListItem\",\"position\":3,\"name\":\"Laufende Begleitung\"}]}]}<\/script>\n<!-- \/ Yoast SEO plugin. -->","yoast_head_json":{"title":"Laufende Begleitung - Pro Mauritius","description":"Laufende Begleitung bei Ihrem Vorhaben in Mauritius: Von der Planung bis zur erfolgreichen Umsetzung mit einer strukturierten Vorgehensweise","robots":{"index":"index","follow":"follow","max-snippet":"max-snippet:-1","max-image-preview":"max-image-preview:large","max-video-preview":"max-video-preview:-1"},"canonical":"https:\/\/pro-mauritius.com\/home\/dienstleistungen\/begleitung\/","og_locale":"en_US","og_type":"article","og_title":"Laufende Begleitung - Pro Mauritius","og_description":"Laufende Begleitung bei Ihrem Vorhaben in Mauritius: Von der Planung bis zur erfolgreichen Umsetzung mit einer strukturierten Vorgehensweise","og_url":"https:\/\/pro-mauritius.com\/home\/dienstleistungen\/begleitung\/","og_site_name":"Pro Mauritius","article_modified_time":"2025-05-01T14:24:24+00:00","twitter_card":"summary_large_image","twitter_misc":{"Est. reading time":"1 minute"},"schema":{"@context":"https:\/\/schema.org","@graph":[{"@type":"WebSite","@id":"https:\/\/pro-mauritius.com\/home\/#website","url":"https:\/\/pro-mauritius.com\/home\/","name":"Pro Mauritius","description":"One-stop Consulting for companies, entrepreneurs and expats relocating to Mauritius","potentialAction":[{"@type":"SearchAction","target":{"@type":"EntryPoint","urlTemplate":"https:\/\/pro-mauritius.com\/home\/?s={search_term_string}"},"query-input":"required name=search_term_string"}],"inLanguage":"en-US"},{"@type":"WebPage","@id":"https:\/\/pro-mauritius.com\/home\/dienstleistungen\/begleitung\/#webpage","url":"https:\/\/pro-mauritius.com\/home\/dienstleistungen\/begleitung\/","name":"Laufende Begleitung - Pro Mauritius","isPartOf":{"@id":"https:\/\/pro-mauritius.com\/home\/#website"},"datePublished":"2022-07-20T08:29:37+00:00","dateModified":"2025-05-01T14:24:24+00:00","description":"Laufende Begleitung bei Ihrem Vorhaben in Mauritius: Von der Planung bis zur erfolgreichen Umsetzung mit einer strukturierten Vorgehensweise","breadcrumb":{"@id":"https:\/\/pro-mauritius.com\/home\/dienstleistungen\/begleitung\/#breadcrumb"},"inLanguage":"en-US","potentialAction":[{"@type":"ReadAction","target":["https:\/\/pro-mauritius.com\/home\/dienstleistungen\/begleitung\/"]}]},{"@type":"BreadcrumbList","@id":"https:\/\/pro-mauritius.com\/home\/dienstleistungen\/begleitung\/#breadcrumb","itemListElement":[{"@type":"ListItem","position":1,"name":"Home","item":"https:\/\/pro-mauritius.com\/home\/"},{"@type":"ListItem","position":2,"name":"Dienstleistungen","item":"https:\/\/pro-mauritius.com\/home\/dienstleistungen\/"},{"@type":"ListItem","position":3,"name":"Laufende Begleitung"}]}]}},"_links":{"self":[{"href":"https:\/\/pro-mauritius.com\/home\/wp-json\/wp\/v2\/pages\/3270"}],"collection":[{"href":"https:\/\/pro-mauritius.com\/home\/wp-json\/wp\/v2\/pages"}],"about":[{"href":"https:\/\/pro-mauritius.com\/home\/wp-json\/wp\/v2\/types\/page"}],"author":[{"embeddable":true,"href":"https:\/\/pro-mauritius.com\/home\/wp-json\/wp\/v2\/users\/1"}],"replies":[{"embeddable":true,"href":"https:\/\/pro-mauritius.com\/home\/wp-json\/wp\/v2\/comments?post=3270"}],"version-history":[{"count":5,"href":"https:\/\/pro-mauritius.com\/home\/wp-json\/wp\/v2\/pages\/3270\/revisions"}],"predecessor-version":[{"id":4518,"href":"https:\/\/pro-mauritius.com\/home\/wp-json\/wp\/v2\/pages\/3270\/revisions\/4518"}],"up":[{"embeddable":true,"href":"https:\/\/pro-mauritius.com\/home\/wp-json\/wp\/v2\/pages\/1274"}],"wp:attachment":[{"href":"https:\/\/pro-mauritius.com\/home\/wp-json\/wp\/v2\/media?parent=3270"}],"curies":[{"name":"wp","href":"https:\/\/api.w.org\/{rel}","templated":true}]}}