{"id":3198,"date":"2022-03-24T12:51:23","date_gmt":"2022-03-24T08:51:23","guid":{"rendered":"https:\/\/pro-mauritius.com\/home\/?page_id=3198"},"modified":"2025-10-14T09:36:41","modified_gmt":"2025-10-14T05:36:41","slug":"immobilienkauf-in-5-schritten","status":"publish","type":"page","link":"https:\/\/pro-mauritius.com\/home\/immobilienkauf-in-5-schritten\/","title":{"rendered":"Immobilienkauf in 5 Schritten"},"content":{"rendered":"<p>[et_pb_section fb_built=&#8221;1&#8243; _builder_version=&#8221;4.16&#8243; height=&#8221;149px&#8221; custom_margin=&#8221;||0px||false|false&#8221; global_colors_info=&#8221;{}&#8221;][et_pb_row _builder_version=&#8221;4.16&#8243; global_colors_info=&#8221;{}&#8221;][et_pb_column type=&#8221;4_4&#8243; _builder_version=&#8221;4.16&#8243; global_colors_info=&#8221;{}&#8221;][et_pb_text _builder_version=&#8221;4.16&#8243; header_font=&#8221;|700|||||||&#8221; header_font_size=&#8221;38px&#8221; header_line_height=&#8221;1.3em&#8221; custom_margin=&#8221;||0px||false|false&#8221; custom_padding=&#8221;||0px||false|false&#8221; global_colors_info=&#8221;{}&#8221;]<\/p>\n<h1>Eine Immobilie kaufen in Mauritius in f\u00fcnf Schritten<\/h1>\n<p>[\/et_pb_text][et_pb_divider color=&#8221;#edbb5f&#8221; divider_weight=&#8221;2px&#8221; _builder_version=&#8221;4.16&#8243; max_width=&#8221;60px&#8221; module_alignment=&#8221;center&#8221; height=&#8221;2px&#8221; global_colors_info=&#8221;{}&#8221;][\/et_pb_divider][\/et_pb_column][\/et_pb_row][\/et_pb_section][et_pb_section fb_built=&#8221;1&#8243; _builder_version=&#8221;4.16&#8243; custom_padding=&#8221;0px||10px|||&#8221; global_colors_info=&#8221;{}&#8221;][et_pb_row column_structure=&#8221;2_5,3_5&#8243; _builder_version=&#8221;4.16&#8243; custom_padding=&#8221;24px|0px|9px|0px|false|false&#8221; global_colors_info=&#8221;{}&#8221;][et_pb_column type=&#8221;2_5&#8243; _builder_version=&#8221;4.16&#8243; custom_padding=&#8221;|||&#8221; global_colors_info=&#8221;{}&#8221; custom_padding__hover=&#8221;|||&#8221;][et_pb_text _builder_version=&#8221;4.16&#8243; global_colors_info=&#8221;{}&#8221;]<\/p>\n<p>In Mauritius k\u00f6nnen Sie eine freistehende Traumvilla in K\u00fcstenn\u00e4he zum Preis einer 3-Zimmer-Wohnung in einer deutschen Gro\u00dfstadt kaufen &#8211; und bekommen noch eine permanente Aufenthaltserlaubnis f\u00fcr Ihre ganze Familie dazu!<\/p>\n<p>Dieses Video zeigt, wie der Immobilienerwerb funktioniert, welche Regeln dabei beachtet werden m\u00fcssen, und wie man konkret dabei vorgeht &#8211; inklusive einiger Geheimtipps!<\/p>\n<p>[\/et_pb_text][\/et_pb_column][et_pb_column type=&#8221;3_5&#8243; _builder_version=&#8221;4.16&#8243; custom_padding=&#8221;|||&#8221; global_colors_info=&#8221;{}&#8221; custom_padding__hover=&#8221;|||&#8221;][et_pb_video src=&#8221;https:\/\/youtu.be\/_lwzzJtbNFA&#8221; image_src=&#8221;https:\/\/pro-mauritius.com\/wp-content\/uploads\/2022\/03\/Immobilienkauf-in-MU-Thumbnail.jpg&#8221; _builder_version=&#8221;4.19.5&#8243; _module_preset=&#8221;default&#8221; hover_enabled=&#8221;0&#8243; global_colors_info=&#8221;{}&#8221; sticky_enabled=&#8221;0&#8243;][\/et_pb_video][\/et_pb_column][\/et_pb_row][\/et_pb_section][et_pb_section fb_built=&#8221;1&#8243; _builder_version=&#8221;4.16&#8243; height=&#8221;149px&#8221; custom_margin=&#8221;||0px||false|false&#8221; global_colors_info=&#8221;{}&#8221;][et_pb_row _builder_version=&#8221;4.16&#8243; global_colors_info=&#8221;{}&#8221;][et_pb_column type=&#8221;4_4&#8243; _builder_version=&#8221;4.16&#8243; global_colors_info=&#8221;{}&#8221;][et_pb_text _builder_version=&#8221;4.19.5&#8243; header_font=&#8221;|700|||||||&#8221; header_font_size=&#8221;38px&#8221; header_line_height=&#8221;1.3em&#8221; custom_margin=&#8221;||0px||false|false&#8221; custom_padding=&#8221;||0px||false|false&#8221; hover_enabled=&#8221;0&#8243; global_colors_info=&#8221;{}&#8221; sticky_enabled=&#8221;0&#8243;]<\/p>\n<h2>Das ABC des Immobilienkauf in Mauritius: Ablauf, Besonderheiten, Compliance<\/h2>\n<p>[\/et_pb_text][et_pb_divider color=&#8221;#edbb5f&#8221; divider_weight=&#8221;2px&#8221; _builder_version=&#8221;4.16&#8243; max_width=&#8221;60px&#8221; module_alignment=&#8221;center&#8221; height=&#8221;2px&#8221; global_colors_info=&#8221;{}&#8221;][\/et_pb_divider][\/et_pb_column][\/et_pb_row][\/et_pb_section][et_pb_section fb_built=&#8221;1&#8243; _builder_version=&#8221;4.16&#8243; custom_padding=&#8221;0px||10px|||&#8221; global_colors_info=&#8221;{}&#8221;][et_pb_row column_structure=&#8221;2_5,3_5&#8243; _builder_version=&#8221;4.16&#8243; custom_padding=&#8221;24px|0px|9px|0px|false|false&#8221; global_colors_info=&#8221;{}&#8221;][et_pb_column type=&#8221;2_5&#8243; _builder_version=&#8221;4.16&#8243; custom_padding=&#8221;|||&#8221; global_colors_info=&#8221;{}&#8221; custom_padding__hover=&#8221;|||&#8221;][et_pb_text _builder_version=&#8221;4.19.5&#8243; hover_enabled=&#8221;0&#8243; global_colors_info=&#8221;{}&#8221; sticky_enabled=&#8221;0&#8243;]<\/p>\n<p>Ein Leben an der Sonne, weit weg vom europ\u00e4ischen Winter. Palmen und Wasser. Berge und Meer.\u00a0Und ein entspanntes Leben in Freiheit.<\/p>\n<p>Das ist das, was die meisten Menschen mit Mauritius assoziieren.<\/p>\n<p>In diesem Video geht es um den Ablauf des Immobilienerwerbs auf Mauritius, um die Besonderheiten f\u00fcr Ausl\u00e4nder und um den Umgang mit den Compliance-Anforderungen.<\/p>\n<p>[\/et_pb_text][\/et_pb_column][et_pb_column type=&#8221;3_5&#8243; _builder_version=&#8221;4.16&#8243; custom_padding=&#8221;|||&#8221; global_colors_info=&#8221;{}&#8221; custom_padding__hover=&#8221;|||&#8221;][et_pb_video src=&#8221;https:\/\/youtu.be\/xliggYR5LbY&#8221; _builder_version=&#8221;4.19.5&#8243; _module_preset=&#8221;default&#8221; hover_enabled=&#8221;0&#8243; global_colors_info=&#8221;{}&#8221; sticky_enabled=&#8221;0&#8243;][\/et_pb_video][\/et_pb_column][\/et_pb_row][\/et_pb_section][et_pb_section fb_built=&#8221;1&#8243; _builder_version=&#8221;4.16&#8243; custom_padding=&#8221;60px|||||&#8221; global_colors_info=&#8221;{}&#8221;][et_pb_row _builder_version=&#8221;4.16&#8243; custom_padding=&#8221;24px|0px|9px|0px|false|false&#8221; global_colors_info=&#8221;{}&#8221;][et_pb_column type=&#8221;4_4&#8243; _builder_version=&#8221;4.16&#8243; custom_padding=&#8221;|||&#8221; global_colors_info=&#8221;{}&#8221; custom_padding__hover=&#8221;|||&#8221;][et_pb_text _builder_version=&#8221;4.16&#8243; text_font=&#8221;||||||||&#8221; header_font=&#8221;||||||||&#8221; header_2_font=&#8221;Times New Roman|600|||||||&#8221; header_2_font_size=&#8221;30px&#8221; header_2_letter_spacing=&#8221;1px&#8221; header_2_line_height=&#8221;1.3em&#8221; header_3_font=&#8221;Verdana|700||on|||||&#8221; header_3_text_color=&#8221;#edbb5f&#8221; header_3_font_size=&#8221;14px&#8221; header_3_letter_spacing=&#8221;1px&#8221; header_3_line_height=&#8221;2em&#8221; header_4_font=&#8221;||||||||&#8221; header_5_font=&#8221;||||||||&#8221; header_6_font=&#8221;||||||||&#8221; text_orientation=&#8221;center&#8221; max_width=&#8221;1080px&#8221; module_alignment=&#8221;center&#8221; custom_margin=&#8221;||2px|&#8221; global_colors_info=&#8221;{}&#8221;]<\/p>\n<h2>Immobilien in Deutschland verkaufen, um in Mauritius zu kaufen?<\/h2>\n<p>[\/et_pb_text][\/et_pb_column][\/et_pb_row][et_pb_row column_structure=&#8221;2_5,3_5&#8243; _builder_version=&#8221;4.16&#8243; custom_padding=&#8221;24px|0px|9px|0px|false|false&#8221; global_colors_info=&#8221;{}&#8221;][et_pb_column type=&#8221;2_5&#8243; _builder_version=&#8221;4.16&#8243; custom_padding=&#8221;|||&#8221; global_colors_info=&#8221;{}&#8221; custom_padding__hover=&#8221;|||&#8221;][et_pb_text _builder_version=&#8221;4.16&#8243; global_colors_info=&#8221;{}&#8221;]<\/p>\n<p>Die stark gestiegenen Immobilienpreise in Deutschland und Mitteleuropa, vor allem in den Gro\u00dfst\u00e4dten, k\u00f6nnten ein guter Ausgangspunkt f\u00fcr eine lohnende &#8220;Geo-Arbitrage&#8221; sein.<\/p>\n<p>Was spricht daf\u00fcr, und was dagegen, jetzt Immobilien in Deutschland zu verkaufen? Was bringt der &#8220;Tausch&#8221; in eine Immobilie in Mauritius?<\/p>\n<p><strong>Dieses <a href=\"https:\/\/youtu.be\/wyJ3MYWsnyk\">Video<\/a> zeigt die entscheidenden Gr\u00fcnde auf, warum Eigent\u00fcmer vermieteter Immobilien in Deutschland jetzt ans Verkaufen gehen sollten. Die Zeichen stehen auf Sturm, und viel Zeit bleibt nicht.<\/strong><\/p>\n<p>[\/et_pb_text][\/et_pb_column][et_pb_column type=&#8221;3_5&#8243; _builder_version=&#8221;4.16&#8243; custom_padding=&#8221;|||&#8221; global_colors_info=&#8221;{}&#8221; custom_padding__hover=&#8221;|||&#8221;][et_pb_image src=&#8221;https:\/\/pro-mauritius.com\/wp-content\/uploads\/2022\/03\/Immobilienverkauf-in-D-Thumbnail.jpg&#8221; title_text=&#8221;Immobilienverkauf in D Thumbnail&#8221; url=&#8221;https:\/\/youtu.be\/wyJ3MYWsnyk&#8221; url_new_window=&#8221;on&#8221; _builder_version=&#8221;4.16&#8243; _module_preset=&#8221;default&#8221; global_colors_info=&#8221;{}&#8221;][\/et_pb_image][\/et_pb_column][\/et_pb_row][\/et_pb_section][et_pb_section fb_built=&#8221;1&#8243; _builder_version=&#8221;4.16&#8243; custom_padding=&#8221;60px|||||&#8221; global_colors_info=&#8221;{}&#8221;][et_pb_row _builder_version=&#8221;4.16&#8243; custom_padding=&#8221;24px|0px|9px|0px|false|false&#8221; global_colors_info=&#8221;{}&#8221;][et_pb_column type=&#8221;4_4&#8243; _builder_version=&#8221;4.16&#8243; custom_padding=&#8221;|||&#8221; global_colors_info=&#8221;{}&#8221; custom_padding__hover=&#8221;|||&#8221;][et_pb_text _builder_version=&#8221;4.16&#8243; text_font=&#8221;||||||||&#8221; header_font=&#8221;||||||||&#8221; header_2_font=&#8221;Times New Roman|600|||||||&#8221; header_2_font_size=&#8221;30px&#8221; header_2_letter_spacing=&#8221;1px&#8221; header_2_line_height=&#8221;1.3em&#8221; header_3_font=&#8221;Verdana|700||on|||||&#8221; header_3_text_color=&#8221;#edbb5f&#8221; header_3_font_size=&#8221;14px&#8221; header_3_letter_spacing=&#8221;1px&#8221; header_3_line_height=&#8221;2em&#8221; header_4_font=&#8221;||||||||&#8221; header_5_font=&#8221;||||||||&#8221; header_6_font=&#8221;||||||||&#8221; text_orientation=&#8221;center&#8221; max_width=&#8221;1080px&#8221; module_alignment=&#8221;center&#8221; custom_margin=&#8221;||2px|&#8221; global_colors_info=&#8221;{}&#8221;]<\/p>\n<h2>Immobilien in Deutschland: Update Herbst 2022<\/h2>\n<p>[\/et_pb_text][\/et_pb_column][\/et_pb_row][et_pb_row column_structure=&#8221;2_5,3_5&#8243; _builder_version=&#8221;4.16&#8243; custom_padding=&#8221;24px|0px|9px|0px|false|false&#8221; global_colors_info=&#8221;{}&#8221;][et_pb_column type=&#8221;2_5&#8243; _builder_version=&#8221;4.16&#8243; custom_padding=&#8221;|||&#8221; global_colors_info=&#8221;{}&#8221; custom_padding__hover=&#8221;|||&#8221;][et_pb_text _builder_version=&#8221;4.16&#8243; global_colors_info=&#8221;{}&#8221;]<\/p>\n<p>&nbsp;<\/p>\n<p><strong>In diesem\u00a0<a href=\"https:\/\/youtu.be\/-e7Zjq5rwC4\">Video <\/a>weise ich auf aktuelle Gefahren hin, die Sie dazu veranlassen sollten, mit dem geplanten Verkauf Ihrer Immobilie in Deutschland nicht weiter zu warten.\u00a0<\/strong><\/p>\n<p><strong>Au\u00dferdem zeige ich, warum und unter welchen Umst\u00e4nden Immobilien in Zeiten hoher Inflation <em>keinen<\/em> Substanzerhalt versprechen. <\/strong><\/p>\n<p>Dieser wichtige Punkt ist den allermeisten Investoren und Finanzberatern nicht bekannt.<\/p>\n<p>[\/et_pb_text][\/et_pb_column][et_pb_column type=&#8221;3_5&#8243; _builder_version=&#8221;4.16&#8243; custom_padding=&#8221;|||&#8221; global_colors_info=&#8221;{}&#8221; custom_padding__hover=&#8221;|||&#8221;][et_pb_image src=&#8221;https:\/\/pro-mauritius.com\/wp-content\/uploads\/2022\/11\/Immo-Quo-Vadis.jpg&#8221; title_text=&#8221;Immo Quo Vadis&#8221; url=&#8221;https:\/\/youtu.be\/-e7Zjq5rwC4&#8243; url_new_window=&#8221;on&#8221; _builder_version=&#8221;4.16&#8243; _module_preset=&#8221;default&#8221; global_colors_info=&#8221;{}&#8221;][\/et_pb_image][\/et_pb_column][\/et_pb_row][\/et_pb_section]<\/p>\n","protected":false},"excerpt":{"rendered":"<p>Eine Immobilie kaufen in Mauritius in f\u00fcnf SchrittenIn Mauritius k\u00f6nnen Sie eine freistehende Traumvilla in K\u00fcstenn\u00e4he zum Preis einer 3-Zimmer-Wohnung in einer deutschen Gro\u00dfstadt kaufen &#8211; und bekommen noch eine permanente Aufenthaltserlaubnis f\u00fcr Ihre ganze Familie dazu! Dieses Video zeigt, wie der Immobilienerwerb funktioniert, welche Regeln dabei beachtet werden m\u00fcssen, und wie man konkret dabei [&hellip;]<\/p>\n","protected":false},"author":1,"featured_media":0,"parent":0,"menu_order":0,"comment_status":"closed","ping_status":"closed","template":"","meta":{"_et_pb_use_builder":"on","_et_pb_old_content":"","_et_gb_content_width":""},"yoast_head":"<!-- This site is optimized with the Yoast SEO plugin v17.9 - https:\/\/yoast.com\/wordpress\/plugins\/seo\/ -->\n<title>Immobilienkauf in 5 Schritten kaufen und steuerliche Ans\u00e4ssigkeit erwerben - Pro Mauritius<\/title>\n<meta name=\"description\" content=\"Immobilienmarkt Mauritius f\u00fcr Ausl\u00e4nder: Kaum Beschr\u00e4nkungen bei Gewerbeimmobilien; reglementierter Zugang zu Wohnimmobilien; Preise sind noch niedrig\" \/>\n<meta name=\"robots\" content=\"index, follow, max-snippet:-1, max-image-preview:large, max-video-preview:-1\" \/>\n<link rel=\"canonical\" href=\"https:\/\/pro-mauritius.com\/home\/immobilienkauf-in-5-schritten\/\" \/>\n<meta property=\"og:locale\" content=\"en_US\" \/>\n<meta property=\"og:type\" content=\"article\" \/>\n<meta property=\"og:title\" content=\"Immobilienkauf in 5 Schritten kaufen und steuerliche Ans\u00e4ssigkeit erwerben - Pro Mauritius\" \/>\n<meta property=\"og:description\" content=\"Immobilienmarkt Mauritius f\u00fcr Ausl\u00e4nder: Kaum Beschr\u00e4nkungen bei Gewerbeimmobilien; reglementierter Zugang zu Wohnimmobilien; Preise sind noch niedrig\" \/>\n<meta property=\"og:url\" content=\"https:\/\/pro-mauritius.com\/home\/immobilienkauf-in-5-schritten\/\" \/>\n<meta property=\"og:site_name\" content=\"Pro Mauritius\" \/>\n<meta property=\"article:modified_time\" content=\"2025-10-14T05:36:41+00:00\" \/>\n<meta name=\"twitter:card\" content=\"summary_large_image\" \/>\n<meta name=\"twitter:label1\" content=\"Est. reading time\" \/>\n\t<meta name=\"twitter:data1\" content=\"4 minutes\" \/>\n<script type=\"application\/ld+json\" class=\"yoast-schema-graph\">{\"@context\":\"https:\/\/schema.org\",\"@graph\":[{\"@type\":\"WebSite\",\"@id\":\"https:\/\/pro-mauritius.com\/home\/#website\",\"url\":\"https:\/\/pro-mauritius.com\/home\/\",\"name\":\"Pro Mauritius\",\"description\":\"One-stop Consulting for companies, entrepreneurs and expats relocating to Mauritius\",\"potentialAction\":[{\"@type\":\"SearchAction\",\"target\":{\"@type\":\"EntryPoint\",\"urlTemplate\":\"https:\/\/pro-mauritius.com\/home\/?s={search_term_string}\"},\"query-input\":\"required name=search_term_string\"}],\"inLanguage\":\"en-US\"},{\"@type\":\"WebPage\",\"@id\":\"https:\/\/pro-mauritius.com\/home\/immobilienkauf-in-5-schritten\/#webpage\",\"url\":\"https:\/\/pro-mauritius.com\/home\/immobilienkauf-in-5-schritten\/\",\"name\":\"Immobilienkauf in 5 Schritten kaufen und steuerliche Ans\\u00e4ssigkeit erwerben - Pro Mauritius\",\"isPartOf\":{\"@id\":\"https:\/\/pro-mauritius.com\/home\/#website\"},\"datePublished\":\"2022-03-24T08:51:23+00:00\",\"dateModified\":\"2025-10-14T05:36:41+00:00\",\"description\":\"Immobilienmarkt Mauritius f\\u00fcr Ausl\\u00e4nder: Kaum Beschr\\u00e4nkungen bei Gewerbeimmobilien; reglementierter Zugang zu Wohnimmobilien; Preise sind noch niedrig\",\"breadcrumb\":{\"@id\":\"https:\/\/pro-mauritius.com\/home\/immobilienkauf-in-5-schritten\/#breadcrumb\"},\"inLanguage\":\"en-US\",\"potentialAction\":[{\"@type\":\"ReadAction\",\"target\":[\"https:\/\/pro-mauritius.com\/home\/immobilienkauf-in-5-schritten\/\"]}]},{\"@type\":\"BreadcrumbList\",\"@id\":\"https:\/\/pro-mauritius.com\/home\/immobilienkauf-in-5-schritten\/#breadcrumb\",\"itemListElement\":[{\"@type\":\"ListItem\",\"position\":1,\"name\":\"Home\",\"item\":\"https:\/\/pro-mauritius.com\/home\/\"},{\"@type\":\"ListItem\",\"position\":2,\"name\":\"Immobilienkauf in 5 Schritten\"}]}]}<\/script>\n<!-- \/ Yoast SEO plugin. -->","yoast_head_json":{"title":"Immobilienkauf in 5 Schritten kaufen und steuerliche Ans\u00e4ssigkeit erwerben - Pro Mauritius","description":"Immobilienmarkt Mauritius f\u00fcr Ausl\u00e4nder: Kaum Beschr\u00e4nkungen bei Gewerbeimmobilien; reglementierter Zugang zu Wohnimmobilien; Preise sind noch niedrig","robots":{"index":"index","follow":"follow","max-snippet":"max-snippet:-1","max-image-preview":"max-image-preview:large","max-video-preview":"max-video-preview:-1"},"canonical":"https:\/\/pro-mauritius.com\/home\/immobilienkauf-in-5-schritten\/","og_locale":"en_US","og_type":"article","og_title":"Immobilienkauf in 5 Schritten kaufen und steuerliche Ans\u00e4ssigkeit erwerben - Pro Mauritius","og_description":"Immobilienmarkt Mauritius f\u00fcr Ausl\u00e4nder: Kaum Beschr\u00e4nkungen bei Gewerbeimmobilien; reglementierter Zugang zu Wohnimmobilien; Preise sind noch niedrig","og_url":"https:\/\/pro-mauritius.com\/home\/immobilienkauf-in-5-schritten\/","og_site_name":"Pro Mauritius","article_modified_time":"2025-10-14T05:36:41+00:00","twitter_card":"summary_large_image","twitter_misc":{"Est. reading time":"4 minutes"},"schema":{"@context":"https:\/\/schema.org","@graph":[{"@type":"WebSite","@id":"https:\/\/pro-mauritius.com\/home\/#website","url":"https:\/\/pro-mauritius.com\/home\/","name":"Pro Mauritius","description":"One-stop Consulting for companies, entrepreneurs and expats relocating to Mauritius","potentialAction":[{"@type":"SearchAction","target":{"@type":"EntryPoint","urlTemplate":"https:\/\/pro-mauritius.com\/home\/?s={search_term_string}"},"query-input":"required name=search_term_string"}],"inLanguage":"en-US"},{"@type":"WebPage","@id":"https:\/\/pro-mauritius.com\/home\/immobilienkauf-in-5-schritten\/#webpage","url":"https:\/\/pro-mauritius.com\/home\/immobilienkauf-in-5-schritten\/","name":"Immobilienkauf in 5 Schritten kaufen und steuerliche Ans\u00e4ssigkeit erwerben - Pro Mauritius","isPartOf":{"@id":"https:\/\/pro-mauritius.com\/home\/#website"},"datePublished":"2022-03-24T08:51:23+00:00","dateModified":"2025-10-14T05:36:41+00:00","description":"Immobilienmarkt Mauritius f\u00fcr Ausl\u00e4nder: Kaum Beschr\u00e4nkungen bei Gewerbeimmobilien; reglementierter Zugang zu Wohnimmobilien; Preise sind noch niedrig","breadcrumb":{"@id":"https:\/\/pro-mauritius.com\/home\/immobilienkauf-in-5-schritten\/#breadcrumb"},"inLanguage":"en-US","potentialAction":[{"@type":"ReadAction","target":["https:\/\/pro-mauritius.com\/home\/immobilienkauf-in-5-schritten\/"]}]},{"@type":"BreadcrumbList","@id":"https:\/\/pro-mauritius.com\/home\/immobilienkauf-in-5-schritten\/#breadcrumb","itemListElement":[{"@type":"ListItem","position":1,"name":"Home","item":"https:\/\/pro-mauritius.com\/home\/"},{"@type":"ListItem","position":2,"name":"Immobilienkauf in 5 Schritten"}]}]}},"_links":{"self":[{"href":"https:\/\/pro-mauritius.com\/home\/wp-json\/wp\/v2\/pages\/3198"}],"collection":[{"href":"https:\/\/pro-mauritius.com\/home\/wp-json\/wp\/v2\/pages"}],"about":[{"href":"https:\/\/pro-mauritius.com\/home\/wp-json\/wp\/v2\/types\/page"}],"author":[{"embeddable":true,"href":"https:\/\/pro-mauritius.com\/home\/wp-json\/wp\/v2\/users\/1"}],"replies":[{"embeddable":true,"href":"https:\/\/pro-mauritius.com\/home\/wp-json\/wp\/v2\/comments?post=3198"}],"version-history":[{"count":4,"href":"https:\/\/pro-mauritius.com\/home\/wp-json\/wp\/v2\/pages\/3198\/revisions"}],"predecessor-version":[{"id":4593,"href":"https:\/\/pro-mauritius.com\/home\/wp-json\/wp\/v2\/pages\/3198\/revisions\/4593"}],"wp:attachment":[{"href":"https:\/\/pro-mauritius.com\/home\/wp-json\/wp\/v2\/media?parent=3198"}],"curies":[{"name":"wp","href":"https:\/\/api.w.org\/{rel}","templated":true}]}}