{"id":1520,"date":"2019-01-15T11:14:06","date_gmt":"2019-01-15T07:14:06","guid":{"rendered":"https:\/\/pro-mauritius.com\/?page_id=1520"},"modified":"2022-09-22T13:28:18","modified_gmt":"2022-09-22T09:28:18","slug":"partner","status":"publish","type":"page","link":"https:\/\/pro-mauritius.com\/home\/ueber-uns\/partner\/","title":{"rendered":"Partner"},"content":{"rendered":"<p>[et_pb_section fb_built=&#8221;1&#8243; _builder_version=&#8221;3.22&#8243; custom_padding=&#8221;50px|0px|3px|0px|false|false&#8221;][et_pb_row _builder_version=&#8221;3.25&#8243; background_size=&#8221;initial&#8221; background_position=&#8221;top_left&#8221; background_repeat=&#8221;repeat&#8221; module_alignment=&#8221;center&#8221; custom_margin=&#8221;|||&#8221; custom_padding=&#8221;|0px|0|0px|false|false&#8221; animation_style=&#8221;fade&#8221;][et_pb_column type=&#8221;4_4&#8243; _builder_version=&#8221;3.25&#8243; custom_padding=&#8221;||30px|6%&#8221; custom_padding__hover=&#8221;|||&#8221;][et_pb_text _builder_version=&#8221;3.27.4&#8243; text_font=&#8221;||||||||&#8221; header_font=&#8221;|700|||||||&#8221; header_font_size=&#8221;38px&#8221; header_line_height=&#8221;1.3em&#8221; header_2_font=&#8221;Times New Roman|700|||||||&#8221; header_2_font_size=&#8221;38px&#8221; header_2_letter_spacing=&#8221;1px&#8221; header_2_line_height=&#8221;1.4em&#8221; header_3_font=&#8221;Verdana|700||on|||||&#8221; header_3_text_color=&#8221;#edbb5f&#8221; header_3_font_size=&#8221;14px&#8221; header_3_letter_spacing=&#8221;1px&#8221; header_3_line_height=&#8221;2em&#8221; max_width=&#8221;1080px&#8221;]<\/p>\n<h1 style=\"text-align: center;\">Gesch\u00e4ftspartner von PRO MAURITIUS<\/h1>\n<p>[\/et_pb_text][\/et_pb_column][\/et_pb_row][\/et_pb_section][et_pb_section fb_built=&#8221;1&#8243; admin_label=&#8221;FAQ&#8221; _builder_version=&#8221;3.22&#8243; custom_padding=&#8221;30px|0px|0|0px|false|false&#8221;][et_pb_row column_structure=&#8221;1_3,2_3&#8243; _builder_version=&#8221;3.25&#8243; custom_padding=&#8221;27px|0px|4px|0px|false|false&#8221;][et_pb_column type=&#8221;1_3&#8243; _builder_version=&#8221;3.25&#8243; custom_padding=&#8221;|||&#8221; custom_padding__hover=&#8221;|||&#8221;][et_pb_image src=&#8221;https:\/\/pro-mauritius.com\/wp-content\/uploads\/2019\/01\/catalyst.jpg&#8221; alt=&#8221;The Catalyst, Cybercity, Mauritius&#8221; show_bottom_space=&#8221;off&#8221; align_tablet=&#8221;center&#8221; align_phone=&#8221;&#8221; align_last_edited=&#8221;on|desktop&#8221; _builder_version=&#8221;3.26.3&#8243; custom_margin=&#8221;-20px||10px|&#8221;][\/et_pb_image][et_pb_text _builder_version=&#8221;3.27.4&#8243;]<\/p>\n<p><span style=\"font-size: small;\">Das B\u00fcro von Credentia ist im Geb\u00e4ude &#8220;The Catalyst&#8221; in Cybercity, Eb\u00e8ne, untergebracht.<br \/><\/span><\/p>\n<p>[\/et_pb_text][\/et_pb_column][et_pb_column type=&#8221;2_3&#8243; _builder_version=&#8221;3.25&#8243; custom_padding=&#8221;|||&#8221; custom_padding__hover=&#8221;|||&#8221;][et_pb_text _builder_version=&#8221;3.27.4&#8243; text_font=&#8221;||||||||&#8221; text_font_size=&#8221;20px&#8221; header_2_font=&#8221;Times New Roman|600|||||||&#8221; header_2_font_size=&#8221;30px&#8221; header_2_line_height=&#8221;1.3em&#8221;]<\/p>\n<h2><strong>Credentia International Management<br \/> <\/strong><\/h2>\n<p>[\/et_pb_text][et_pb_text _builder_version=&#8221;4.8.1&#8243; hover_enabled=&#8221;0&#8243; sticky_enabled=&#8221;0&#8243;]<\/p>\n<p>Unser Gesch\u00e4ftspartner <a href=\"http:\/\/www.credentiainternational.com\/index.php\/en\/discover\"><strong>Credentia International Management Ltd<\/strong> <\/a>ist eine unabh\u00e4ngige Managementgesellschaft, die von der Financial Services Commission f\u00fcr die Erbringung von unternehmensnahen treuh\u00e4nderischen Dienstleistungen lizenziert ist.<\/p>\n<p>Das Unternehmen ist Teil der <strong>Credentia Group<\/strong>, einer unabh\u00e4ngigen und inhabergef\u00fchrten Investmentgruppe mit breit gef\u00e4cherten Interessen und T\u00e4tigkeiten in unterschiedlichen Gesch\u00e4ftssegmenten, inklusive Finanzdienstleistungen, ICT &amp; BPO, Hotel-und Gastst\u00e4ttengewerbe, Tourismus, Lebensmittel und Gesundheitswesen.<\/p>\n<p>Das Ziel der Gruppe besteht darin, an der gro\u00dfen wirtschaftlichen Transformation zu partizipieren, die gerade in Asien und Afrika stattfindet.<\/p>\n<p>&nbsp;<\/p>\n<p>[\/et_pb_text][\/et_pb_column][\/et_pb_row][et_pb_row column_structure=&#8221;1_3,1_3,1_3&#8243; _builder_version=&#8221;3.25&#8243; custom_padding=&#8221;27px|0px|4px|0px|false|false&#8221;][et_pb_column type=&#8221;1_3&#8243; _builder_version=&#8221;3.25&#8243; custom_padding=&#8221;|||&#8221; custom_padding__hover=&#8221;|||&#8221;][et_pb_image src=&#8221;https:\/\/pro-mauritius.com\/wp-content\/uploads\/2022\/09\/Credentia-Sanjeev2-big.jpg&#8221; alt=&#8221;Sanjeev Gopaul image&#8221; show_bottom_space=&#8221;off&#8221; force_fullwidth=&#8221;on&#8221; align_tablet=&#8221;center&#8221; align_phone=&#8221;&#8221; align_last_edited=&#8221;on|desktop&#8221; _builder_version=&#8221;4.8.1&#8243; custom_margin=&#8221;||10px|&#8221; hover_enabled=&#8221;0&#8243; title_text=&#8221;Credentia-Sanjeev2-big&#8221; sticky_enabled=&#8221;0&#8243;][\/et_pb_image][et_pb_text _builder_version=&#8221;3.27.4&#8243;]<\/p>\n<p><strong>Sanjeev Gopaul<\/strong> hat das Unternehmen im Jahr 2012 gegr\u00fcndet. Er ist ein mehrfach ausgezeichneter Unternehmer aus Mauritius.<\/p>\n<p>Hartmut Sieper und Sanjeev Gopaul arbeiten seit 2013 zusammen.<\/p>\n<p>&nbsp;<\/p>\n<p>&nbsp;<\/p>\n<p>[\/et_pb_text][\/et_pb_column][et_pb_column type=&#8221;1_3&#8243; _builder_version=&#8221;3.25&#8243; custom_padding=&#8221;|||&#8221; custom_padding__hover=&#8221;|||&#8221;][et_pb_image src=&#8221;https:\/\/pro-mauritius.com\/wp-content\/uploads\/2019\/04\/Gopaul_award-1.jpg&#8221; alt=&#8221;Sanjeev Gopaul &#8211; Award 1&#8243; align_tablet=&#8221;center&#8221; align_phone=&#8221;&#8221; align_last_edited=&#8221;on|desktop&#8221; _builder_version=&#8221;3.26.3&#8243;][\/et_pb_image][\/et_pb_column][et_pb_column type=&#8221;1_3&#8243; _builder_version=&#8221;3.25&#8243; custom_padding=&#8221;|||&#8221; custom_padding__hover=&#8221;|||&#8221;][et_pb_image src=&#8221;https:\/\/pro-mauritius.com\/wp-content\/uploads\/2019\/04\/Gopaul_award-2.jpg&#8221; alt=&#8221;Sanjeev Gopaul &#8211; Award 2&#8243; align_tablet=&#8221;center&#8221; align_phone=&#8221;&#8221; align_last_edited=&#8221;on|desktop&#8221; _builder_version=&#8221;3.26.3&#8243;][\/et_pb_image][\/et_pb_column][\/et_pb_row][et_pb_row column_structure=&#8221;1_3,1_3,1_3&#8243; _builder_version=&#8221;3.25&#8243; custom_padding=&#8221;18px|0px|27px|0px|false|false&#8221;][et_pb_column type=&#8221;1_3&#8243; _builder_version=&#8221;3.25&#8243; custom_padding=&#8221;|||&#8221; custom_padding__hover=&#8221;|||&#8221;][et_pb_text _builder_version=&#8221;3.27.4&#8243;]<\/p>\n<p style=\"text-align: center;\">\u00a0Sanjeev konstatiert:<\/p>\n<p style=\"text-align: center;\"><em>&#8220;Entrepreneurship is deeply ingrained in our culture and we embrace the creativity and risk-taking it takes to create world-class businesses. Our motto is encapsulated in these four words, &#8216;Creating value through values&#8217; \u201d.<\/em><\/p>\n<p>[\/et_pb_text][et_pb_blurb image=&#8221;https:\/\/pro-mauritius.com\/wp-content\/uploads\/2022\/09\/CredentiaInternational-Logo-Menu-Full-colour.png&#8221; alt=&#8221;Credentia logo&#8221; _builder_version=&#8221;4.8.1&#8243; custom_margin=&#8221;||0px|&#8221; custom_padding=&#8221;||0px&#8221; hover_enabled=&#8221;0&#8243; title_text=&#8221;CredentiaInternational-Logo-Menu-Full-colour&#8221; sticky_enabled=&#8221;0&#8243;][\/et_pb_blurb][\/et_pb_column][et_pb_column type=&#8221;1_3&#8243; _builder_version=&#8221;3.25&#8243; custom_padding=&#8221;|||&#8221; custom_padding__hover=&#8221;|||&#8221;][et_pb_text _builder_version=&#8221;3.27.4&#8243; text_font=&#8221;||||||||&#8221; ul_font=&#8221;||||||||&#8221; ul_line_height=&#8221;1.5em&#8221; custom_padding=&#8221;20px|20px|20px|20px&#8221; box_shadow_style=&#8221;preset1&#8243;]<\/p>\n<h4>Financial Services<\/h4>\n<ul>\n<li>Legal and tax structuring,<\/li>\n<li>Company and trust formation and administration,<\/li>\n<li>Limited partnerships,<\/li>\n<li>Foundations,<\/li>\n<li>Fund and investor services,<\/li>\n<li>Investment structuring,<\/li>\n<li>Taxation services,<\/li>\n<li>Nominee services,<\/li>\n<li>Listing and IPOs,<\/li>\n<li>Captive insurance services,<\/li>\n<li>Intellectual property holdings.<\/li>\n<\/ul>\n<p>[\/et_pb_text][\/et_pb_column][et_pb_column type=&#8221;1_3&#8243; _builder_version=&#8221;3.25&#8243; custom_padding=&#8221;|||&#8221; custom_padding__hover=&#8221;|||&#8221;][et_pb_text _builder_version=&#8221;3.27.4&#8243; text_font=&#8221;||||||||&#8221; ul_font=&#8221;||||||||&#8221; ul_line_height=&#8221;1.5em&#8221; custom_padding=&#8221;20px|20px|20px|20px&#8221; box_shadow_style=&#8221;preset1&#8243;]<\/p>\n<h4>Advisory &amp; Company Secretarial Services<\/h4>\n<ul>\n<li>Back-office administration and support,<\/li>\n<li>Advisory &amp; Company Secretarial Services,<\/li>\n<li>Capital raising and corporate finance,<\/li>\n<li>Advice on setting up business in Mauritius,<\/li>\n<li>Facilitation services with the authorities and service providers,<\/li>\n<li>Expat services,<\/li>\n<li>Establishment of offices,<\/li>\n<li>Relocation services,<\/li>\n<li>Work and resident permit applications.<\/li>\n<\/ul>\n<p>[\/et_pb_text][\/et_pb_column][\/et_pb_row][\/et_pb_section][et_pb_section fb_built=&#8221;1&#8243; admin_label=&#8221;Quote&#8221; _builder_version=&#8221;3.22&#8243; background_position=&#8221;top_right&#8221; custom_margin=&#8221;|||&#8221; custom_padding=&#8221;10px|0px|30px|0px|false|false&#8221;][\/et_pb_section]<\/p>\n","protected":false},"excerpt":{"rendered":"<p>Gesch\u00e4ftspartner von PRO MAURITIUSDas B\u00fcro von Credentia ist im Geb\u00e4ude &#8220;The Catalyst&#8221; in Cybercity, Eb\u00e8ne, untergebracht.Credentia International Management Unser Gesch\u00e4ftspartner Credentia International Management Ltd ist eine unabh\u00e4ngige Managementgesellschaft, die von der Financial Services Commission f\u00fcr die Erbringung von unternehmensnahen treuh\u00e4nderischen Dienstleistungen lizenziert ist. Das Unternehmen ist Teil der Credentia Group, einer unabh\u00e4ngigen und inhabergef\u00fchrten Investmentgruppe [&hellip;]<\/p>\n","protected":false},"author":1,"featured_media":0,"parent":1270,"menu_order":0,"comment_status":"closed","ping_status":"closed","template":"","meta":{"_et_pb_use_builder":"on","_et_pb_old_content":"<p>[et_pb_section bb_built=\"1\"][et_pb_row][\/et_pb_row][\/et_pb_section]<\/p>","_et_gb_content_width":""},"yoast_head":"<!-- This site is optimized with the Yoast SEO plugin v17.9 - https:\/\/yoast.com\/wordpress\/plugins\/seo\/ -->\n<title>Partner - Pro Mauritius<\/title>\n<meta name=\"description\" content=\"Gesch\u00e4ftspartner von PRO MAURITIUS\" \/>\n<meta name=\"robots\" content=\"index, follow, max-snippet:-1, max-image-preview:large, max-video-preview:-1\" \/>\n<link rel=\"canonical\" href=\"https:\/\/pro-mauritius.com\/home\/ueber-uns\/partner\/\" \/>\n<meta property=\"og:locale\" content=\"en_US\" \/>\n<meta property=\"og:type\" content=\"article\" \/>\n<meta property=\"og:title\" content=\"Partner - Pro Mauritius\" \/>\n<meta property=\"og:description\" content=\"Gesch\u00e4ftspartner von PRO MAURITIUS\" \/>\n<meta property=\"og:url\" content=\"https:\/\/pro-mauritius.com\/home\/ueber-uns\/partner\/\" \/>\n<meta property=\"og:site_name\" content=\"Pro Mauritius\" \/>\n<meta property=\"article:modified_time\" content=\"2022-09-22T09:28:18+00:00\" \/>\n<meta name=\"twitter:card\" content=\"summary_large_image\" \/>\n<meta name=\"twitter:label1\" content=\"Est. reading time\" \/>\n\t<meta name=\"twitter:data1\" content=\"4 minutes\" \/>\n<script type=\"application\/ld+json\" class=\"yoast-schema-graph\">{\"@context\":\"https:\/\/schema.org\",\"@graph\":[{\"@type\":\"WebSite\",\"@id\":\"https:\/\/pro-mauritius.com\/home\/#website\",\"url\":\"https:\/\/pro-mauritius.com\/home\/\",\"name\":\"Pro Mauritius\",\"description\":\"One-stop Consulting for companies, entrepreneurs and expats relocating to Mauritius\",\"potentialAction\":[{\"@type\":\"SearchAction\",\"target\":{\"@type\":\"EntryPoint\",\"urlTemplate\":\"https:\/\/pro-mauritius.com\/home\/?s={search_term_string}\"},\"query-input\":\"required name=search_term_string\"}],\"inLanguage\":\"en-US\"},{\"@type\":\"WebPage\",\"@id\":\"https:\/\/pro-mauritius.com\/home\/ueber-uns\/partner\/#webpage\",\"url\":\"https:\/\/pro-mauritius.com\/home\/ueber-uns\/partner\/\",\"name\":\"Partner - Pro Mauritius\",\"isPartOf\":{\"@id\":\"https:\/\/pro-mauritius.com\/home\/#website\"},\"datePublished\":\"2019-01-15T07:14:06+00:00\",\"dateModified\":\"2022-09-22T09:28:18+00:00\",\"description\":\"Gesch\\u00e4ftspartner von PRO MAURITIUS\",\"breadcrumb\":{\"@id\":\"https:\/\/pro-mauritius.com\/home\/ueber-uns\/partner\/#breadcrumb\"},\"inLanguage\":\"en-US\",\"potentialAction\":[{\"@type\":\"ReadAction\",\"target\":[\"https:\/\/pro-mauritius.com\/home\/ueber-uns\/partner\/\"]}]},{\"@type\":\"BreadcrumbList\",\"@id\":\"https:\/\/pro-mauritius.com\/home\/ueber-uns\/partner\/#breadcrumb\",\"itemListElement\":[{\"@type\":\"ListItem\",\"position\":1,\"name\":\"Home\",\"item\":\"https:\/\/pro-mauritius.com\/home\/\"},{\"@type\":\"ListItem\",\"position\":2,\"name\":\"\\u00dcber uns\",\"item\":\"https:\/\/pro-mauritius.com\/home\/ueber-uns\/\"},{\"@type\":\"ListItem\",\"position\":3,\"name\":\"Partner\"}]}]}<\/script>\n<!-- \/ Yoast SEO plugin. -->","yoast_head_json":{"title":"Partner - Pro Mauritius","description":"Gesch\u00e4ftspartner von PRO MAURITIUS","robots":{"index":"index","follow":"follow","max-snippet":"max-snippet:-1","max-image-preview":"max-image-preview:large","max-video-preview":"max-video-preview:-1"},"canonical":"https:\/\/pro-mauritius.com\/home\/ueber-uns\/partner\/","og_locale":"en_US","og_type":"article","og_title":"Partner - Pro Mauritius","og_description":"Gesch\u00e4ftspartner von PRO MAURITIUS","og_url":"https:\/\/pro-mauritius.com\/home\/ueber-uns\/partner\/","og_site_name":"Pro Mauritius","article_modified_time":"2022-09-22T09:28:18+00:00","twitter_card":"summary_large_image","twitter_misc":{"Est. reading time":"4 minutes"},"schema":{"@context":"https:\/\/schema.org","@graph":[{"@type":"WebSite","@id":"https:\/\/pro-mauritius.com\/home\/#website","url":"https:\/\/pro-mauritius.com\/home\/","name":"Pro Mauritius","description":"One-stop Consulting for companies, entrepreneurs and expats relocating to Mauritius","potentialAction":[{"@type":"SearchAction","target":{"@type":"EntryPoint","urlTemplate":"https:\/\/pro-mauritius.com\/home\/?s={search_term_string}"},"query-input":"required name=search_term_string"}],"inLanguage":"en-US"},{"@type":"WebPage","@id":"https:\/\/pro-mauritius.com\/home\/ueber-uns\/partner\/#webpage","url":"https:\/\/pro-mauritius.com\/home\/ueber-uns\/partner\/","name":"Partner - Pro Mauritius","isPartOf":{"@id":"https:\/\/pro-mauritius.com\/home\/#website"},"datePublished":"2019-01-15T07:14:06+00:00","dateModified":"2022-09-22T09:28:18+00:00","description":"Gesch\u00e4ftspartner von PRO MAURITIUS","breadcrumb":{"@id":"https:\/\/pro-mauritius.com\/home\/ueber-uns\/partner\/#breadcrumb"},"inLanguage":"en-US","potentialAction":[{"@type":"ReadAction","target":["https:\/\/pro-mauritius.com\/home\/ueber-uns\/partner\/"]}]},{"@type":"BreadcrumbList","@id":"https:\/\/pro-mauritius.com\/home\/ueber-uns\/partner\/#breadcrumb","itemListElement":[{"@type":"ListItem","position":1,"name":"Home","item":"https:\/\/pro-mauritius.com\/home\/"},{"@type":"ListItem","position":2,"name":"\u00dcber uns","item":"https:\/\/pro-mauritius.com\/home\/ueber-uns\/"},{"@type":"ListItem","position":3,"name":"Partner"}]}]}},"_links":{"self":[{"href":"https:\/\/pro-mauritius.com\/home\/wp-json\/wp\/v2\/pages\/1520"}],"collection":[{"href":"https:\/\/pro-mauritius.com\/home\/wp-json\/wp\/v2\/pages"}],"about":[{"href":"https:\/\/pro-mauritius.com\/home\/wp-json\/wp\/v2\/types\/page"}],"author":[{"embeddable":true,"href":"https:\/\/pro-mauritius.com\/home\/wp-json\/wp\/v2\/users\/1"}],"replies":[{"embeddable":true,"href":"https:\/\/pro-mauritius.com\/home\/wp-json\/wp\/v2\/comments?post=1520"}],"version-history":[{"count":10,"href":"https:\/\/pro-mauritius.com\/home\/wp-json\/wp\/v2\/pages\/1520\/revisions"}],"predecessor-version":[{"id":3460,"href":"https:\/\/pro-mauritius.com\/home\/wp-json\/wp\/v2\/pages\/1520\/revisions\/3460"}],"up":[{"embeddable":true,"href":"https:\/\/pro-mauritius.com\/home\/wp-json\/wp\/v2\/pages\/1270"}],"wp:attachment":[{"href":"https:\/\/pro-mauritius.com\/home\/wp-json\/wp\/v2\/media?parent=1520"}],"curies":[{"name":"wp","href":"https:\/\/api.w.org\/{rel}","templated":true}]}}