{"id":1346,"date":"2019-01-12T16:55:40","date_gmt":"2019-01-12T12:55:40","guid":{"rendered":"https:\/\/pro-mauritius.com\/?page_id=1346"},"modified":"2020-01-11T10:03:59","modified_gmt":"2020-01-11T06:03:59","slug":"ranking","status":"publish","type":"page","link":"https:\/\/pro-mauritius.com\/home\/mauritius\/ranking\/","title":{"rendered":"Globales Ranking"},"content":{"rendered":"<p>[et_pb_section fb_built=&#8221;1&#8243; fullwidth=&#8221;on&#8221; admin_label=&#8221;Hero Section&#8221; _builder_version=&#8221;3.22&#8243; locked=&#8221;off&#8221;][et_pb_fullwidth_header title=&#8221;Rankings&#8221; subhead=&#8221;Mauritius &#8211; TOP 13 #1 in Afrika&#8221; background_overlay_color=&#8221;rgba(0,0,0,0.68)&#8221; content_max_width=&#8221;550px&#8221; _builder_version=&#8221;3.26.3&#8243; title_font=&#8221;Poppins|700||on|||||&#8221; title_text_color=&#8221;#edbb5f&#8221; title_font_size=&#8221;14px&#8221; title_letter_spacing=&#8221;2px&#8221; title_line_height=&#8221;1.4em&#8221; content_font=&#8221;Poppins||||||||&#8221; content_font_size=&#8221;16px&#8221; content_letter_spacing=&#8221;1px&#8221; content_line_height=&#8221;2em&#8221; subhead_font=&#8221;Playfair Display|700||on|||||&#8221; subhead_font_size=&#8221;48px&#8221; subhead_letter_spacing=&#8221;3px&#8221; subhead_line_height=&#8221;1.4em&#8221; background_color=&#8221;rgba(255,255,255,0)&#8221; background_image=&#8221;https:\/\/pro-mauritius.com\/wp-content\/uploads\/2018\/11\/caudan-1.jpg&#8221; parallax=&#8221;on&#8221; parallax_method=&#8221;on&#8221; custom_button_one=&#8221;on&#8221; button_one_border_width=&#8221;1px&#8221; button_one_border_color=&#8221;rgba(255,255,255,0.3)&#8221; button_one_border_radius=&#8221;0px&#8221; button_one_letter_spacing=&#8221;1px&#8221; button_one_font=&#8221;Saira Extra Condensed|600||on|||||&#8221; button_one_icon=&#8221;%%3%%&#8221; button_one_icon_color=&#8221;#edbb5f&#8221; custom_button_two=&#8221;on&#8221; button_two_border_width=&#8221;1px&#8221; button_two_border_color=&#8221;rgba(255,255,255,0.3)&#8221; button_two_border_radius=&#8221;0px&#8221; button_two_letter_spacing=&#8221;1px&#8221; button_two_font=&#8221;Saira Extra Condensed|600||on|||||&#8221; button_two_icon=&#8221;%%3%%&#8221; button_two_icon_color=&#8221;#edbb5f&#8221; module_alignment=&#8221;right&#8221; custom_margin=&#8221;|||&#8221; custom_padding=&#8221;8%||260px|&#8221; button_one_text_color_hover=&#8221;#edbb5f&#8221; button_two_text_color_hover=&#8221;#edbb5f&#8221; button_one_bg_color_hover=&#8221;rgba(0,0,0,0)&#8221; button_two_bg_color_hover=&#8221;rgba(0,0,0,0)&#8221; locked=&#8221;off&#8221; button_one_text_size__hover_enabled=&#8221;off&#8221; button_two_text_size__hover_enabled=&#8221;off&#8221; button_one_text_color__hover_enabled=&#8221;on&#8221; button_one_text_color__hover=&#8221;#edbb5f&#8221; button_two_text_color__hover_enabled=&#8221;on&#8221; button_two_text_color__hover=&#8221;#edbb5f&#8221; button_one_border_width__hover_enabled=&#8221;off&#8221; button_two_border_width__hover_enabled=&#8221;off&#8221; button_one_border_color__hover_enabled=&#8221;off&#8221; button_two_border_color__hover_enabled=&#8221;off&#8221; button_one_border_radius__hover_enabled=&#8221;off&#8221; button_two_border_radius__hover_enabled=&#8221;off&#8221; button_one_letter_spacing__hover_enabled=&#8221;off&#8221; button_two_letter_spacing__hover_enabled=&#8221;off&#8221; button_one_bg_color__hover_enabled=&#8221;on&#8221; button_one_bg_color__hover=&#8221;rgba(0,0,0,0)&#8221; button_two_bg_color__hover_enabled=&#8221;on&#8221; button_two_bg_color__hover=&#8221;rgba(0,0,0,0)&#8221;]<\/p>\n<p>&nbsp;<\/p>\n<p>Mauritius geh\u00f6rt weltweit zu den 13 besten Gesch\u00e4ftsstandorten. In den meisten Ranglisten ist Mauritius dar\u00fcber hinaus die Nummer eins in Afrika.<\/p>\n<p>[\/et_pb_fullwidth_header][\/et_pb_section][et_pb_section fb_built=&#8221;1&#8243; admin_label=&#8221;Books&#8221; _builder_version=&#8221;3.22&#8243; background_color=&#8221;#efefef&#8221; max_width=&#8221;80%&#8221; module_alignment=&#8221;center&#8221; custom_padding=&#8221;50px|0px|0|0px|false|false&#8221;][et_pb_row custom_padding=&#8221;40px|0|25px||false|false&#8221; custom_padding_tablet=&#8221;|0%||&#8221; custom_margin=&#8221;|||&#8221; custom_padding_last_edited=&#8221;on|tablet&#8221; _builder_version=&#8221;3.25&#8243; locked=&#8221;off&#8221;][et_pb_column type=&#8221;4_4&#8243; _builder_version=&#8221;3.25&#8243; custom_padding=&#8221;|||40px&#8221; custom_padding__hover=&#8221;|||&#8221;][et_pb_text ul_item_indent=&#8221;15px&#8221; _builder_version=&#8221;3.26.3&#8243; text_font=&#8221;||||||||&#8221; ul_font=&#8221;||||||||&#8221; header_font=&#8221;|700|||||||&#8221; header_font_size=&#8221;38px&#8221; header_line_height=&#8221;1.3em&#8221; header_2_font=&#8221;Arial|600|||||||&#8221; header_2_font_size=&#8221;40px&#8221; header_2_line_height=&#8221;1.5em&#8221; header_6_font=&#8221;||||||||&#8221; max_width=&#8221;1080px&#8221; max_width_last_edited=&#8221;off|desktop&#8221; custom_margin=&#8221;|||&#8221; custom_padding=&#8221;|||&#8221; header_2_font_size_tablet=&#8221;30px&#8221; header_2_font_size_phone=&#8221;24px&#8221; header_2_font_size_last_edited=&#8221;on|phone&#8221; locked=&#8221;off&#8221;]<\/p>\n<h1>Ranking von Mauritius im internationalen Vergleich<\/h1>\n<p>&nbsp;<\/p>\n<p>[\/et_pb_text][\/et_pb_column][\/et_pb_row][et_pb_row column_structure=&#8221;2_5,3_5&#8243; custom_padding=&#8221;0|0|43px||false|false&#8221; custom_padding_tablet=&#8221;|0%||&#8221; custom_margin=&#8221;|40px||40px&#8221; custom_padding_last_edited=&#8221;on|tablet&#8221; _builder_version=&#8221;3.25&#8243; locked=&#8221;off&#8221;][et_pb_column type=&#8221;2_5&#8243; _builder_version=&#8221;3.25&#8243; custom_padding=&#8221;|||&#8221; custom_padding__hover=&#8221;|||&#8221;][et_pb_text ul_item_indent=&#8221;15px&#8221; _builder_version=&#8221;3.26.3&#8243; text_font=&#8221;||||||||&#8221; ul_font=&#8221;||||||||&#8221; header_font=&#8221;||||||||&#8221; header_2_font=&#8221;Times New Roman|600|||||||&#8221; header_2_font_size=&#8221;30px&#8221; header_2_line_height=&#8221;1.3em&#8221; header_6_font=&#8221;||||||||&#8221; max_width=&#8221;1000px&#8221; max_width_last_edited=&#8221;off|desktop&#8221; module_alignment=&#8221;left&#8221; custom_margin=&#8221;||-50px|&#8221; custom_padding=&#8221;|||&#8221; header_2_font_size_tablet=&#8221;30px&#8221; header_2_font_size_phone=&#8221;24px&#8221; header_2_font_size_last_edited=&#8221;on|phone&#8221; locked=&#8221;off&#8221;]<\/p>\n<h2>Doing Business<\/h2>\n<p>Mauritius steht seit langem f\u00fcr politische Stabilit\u00e4t und wird im \u201cDoing Business Report\u201d der Weltbank f\u00fcr 2020 auf Rang 13 von insgesamt 190 L\u00e4ndern aufgef\u00fchrt. (2019: Rang 20; 2018: Rang 25; 2017: Rang 49)<\/p>\n<p>Die rasche Entwicklung im Infrastruktur- und Dienstleistungsbereich, das gute Rechts- und Steuersystem und die zunehmende Reputation als internationales Gesch\u00e4fts- und Finanzzentrum f\u00fchrt in Mauritius zu g\u00fcnstigen Rahmenbedingungen f\u00fcr Holdinggesellschaften, Investmentfonds, Zweckgesellschaften, Trusts und Stiftungen.<\/p>\n<p>[\/et_pb_text][et_pb_text _builder_version=&#8221;3.12.1&#8243; text_font=&#8221;||||||||&#8221; text_font_size=&#8221;16px&#8221; text_line_height=&#8221;1.9em&#8221; header_font=&#8221;||||||||&#8221; header_2_font=&#8221;Playfair Display|700|||||||&#8221; header_2_font_size=&#8221;40px&#8221; header_2_line_height=&#8221;1.5em&#8221; header_6_font=&#8221;||||||||&#8221; max_width=&#8221;1000px&#8221; max_width_last_edited=&#8221;off|desktop&#8221; custom_margin=&#8221;|||&#8221; custom_padding=&#8221;|||&#8221; header_2_font_size_tablet=&#8221;30px&#8221; header_2_font_size_phone=&#8221;24px&#8221; header_2_font_size_last_edited=&#8221;on|phone&#8221; locked=&#8221;off&#8221;][\/et_pb_text][\/et_pb_column][et_pb_column type=&#8221;3_5&#8243; _builder_version=&#8221;3.25&#8243; custom_padding=&#8221;|||&#8221; custom_padding__hover=&#8221;|||&#8221;][et_pb_image src=&#8221;https:\/\/pro-mauritius.com\/wp-content\/uploads\/2020\/01\/mauritius_3n.jpg&#8221; align_tablet=&#8221;center&#8221; align_last_edited=&#8221;on|desktop&#8221; _builder_version=&#8221;3.26.3&#8243; box_shadow_style=&#8221;preset1&#8243; custom_margin=&#8221;|||&#8221;][\/et_pb_image][\/et_pb_column][\/et_pb_row][et_pb_row custom_padding=&#8221;27px|0px|0|0px|false|false&#8221; _builder_version=&#8221;3.25&#8243;][et_pb_column type=&#8221;4_4&#8243; _builder_version=&#8221;3.25&#8243; custom_padding=&#8221;|||&#8221; custom_padding__hover=&#8221;|||&#8221;][et_pb_divider _builder_version=&#8221;3.15&#8243;][\/et_pb_divider][\/et_pb_column][\/et_pb_row][\/et_pb_section][et_pb_section fb_built=&#8221;1&#8243; admin_label=&#8221;Books&#8221; _builder_version=&#8221;3.22&#8243; background_color=&#8221;#efefef&#8221; max_width=&#8221;80%&#8221; module_alignment=&#8221;center&#8221; custom_padding=&#8221;3px|0px|0|0px|false|false&#8221;][et_pb_row column_structure=&#8221;2_5,3_5&#8243; custom_padding=&#8221;40px|0|25px||false|false&#8221; custom_padding_tablet=&#8221;|0%||&#8221; custom_margin=&#8221;|||&#8221; custom_padding_last_edited=&#8221;on|tablet&#8221; _builder_version=&#8221;3.25&#8243; locked=&#8221;off&#8221;][et_pb_column type=&#8221;2_5&#8243; _builder_version=&#8221;3.25&#8243; custom_padding=&#8221;|||40px&#8221; custom_padding__hover=&#8221;|||&#8221;][et_pb_text ul_item_indent=&#8221;15px&#8221; _builder_version=&#8221;3.26.3&#8243; text_font=&#8221;||||||||&#8221; ul_font=&#8221;||||||||&#8221; header_font=&#8221;||||||||&#8221; header_2_font=&#8221;Times New Roman|600|||||||&#8221; header_2_font_size=&#8221;30px&#8221; header_2_line_height=&#8221;1.3em&#8221; header_6_font=&#8221;||||||||&#8221; max_width=&#8221;1000px&#8221; max_width_last_edited=&#8221;off|desktop&#8221; custom_margin=&#8221;|||&#8221; custom_padding=&#8221;|||&#8221; header_2_font_size_tablet=&#8221;30px&#8221; header_2_font_size_phone=&#8221;24px&#8221; header_2_font_size_last_edited=&#8221;on|phone&#8221; locked=&#8221;off&#8221;]<\/p>\n<h2>\u00d6konomische Freiheit<\/h2>\n<p>\u00d6konomische Freiheit ist ein wesentlicher Teil von Freiheit. Sie erlaubt es, Menschen nach eigenem Gutd\u00fcnken zu arbeiten, zu produzieren, Eigentum zu erwerben, zu konsumieren, zu handeln und zu investieren.<\/p>\n<p>Gem\u00e4\u00df dem \u201c2019 Index of Economic Freedom\u201d, der von der Heritage Foundation gemeinsam mit dem Wall Street Journal herausgegeben wird, steht Mauritius weiterhin auf Platz 1 innerhalb von Afrika.<\/p>\n<p>Mit einem Gesamtscore von 73,0 (von max. 100) rangiert Mauritius weltweit auf Nr. 25 (von 186 L\u00e4ndern), knapp hinter Deutschland (Nr. 24), und vor Japan (Nr. 30), \u00d6sterreich (Nr. 31), und S\u00fcdafrika (Nr. 102).<\/p>\n<p>Mauritius ist in der heutigen Welt einzigartig, weil Angeh\u00f6rige mehrerer Weltreligionen friedvoll und gewaltfrei in einem dicht bev\u00f6lkerten Land nebeneinander leben: Hinduismus (48,5% der Bev\u00f6lkerung, gem. dem Census von 2011), Christentum (32,7%), Islam (17.3%) und Buddhismus (0,4%).<\/p>\n<p>[\/et_pb_text][et_pb_text _builder_version=&#8221;3.12.1&#8243; text_font=&#8221;||||||||&#8221; text_font_size=&#8221;16px&#8221; text_line_height=&#8221;1.9em&#8221; header_font=&#8221;||||||||&#8221; header_2_font=&#8221;Playfair Display|700|||||||&#8221; header_2_font_size=&#8221;40px&#8221; header_2_line_height=&#8221;1.5em&#8221; header_6_font=&#8221;||||||||&#8221; max_width=&#8221;1000px&#8221; max_width_last_edited=&#8221;off|desktop&#8221; custom_margin=&#8221;|||&#8221; custom_padding=&#8221;|||&#8221; header_2_font_size_tablet=&#8221;30px&#8221; header_2_font_size_phone=&#8221;24px&#8221; header_2_font_size_last_edited=&#8221;on|phone&#8221; locked=&#8221;off&#8221;][\/et_pb_text][\/et_pb_column][et_pb_column type=&#8221;3_5&#8243; _builder_version=&#8221;3.25&#8243; custom_padding=&#8221;|||&#8221; custom_padding__hover=&#8221;|||&#8221;][et_pb_image src=&#8221;https:\/\/pro-mauritius.com\/wp-content\/uploads\/2020\/01\/economic_freedom_2019.jpg&#8221; show_bottom_space=&#8221;off&#8221; align_tablet=&#8221;center&#8221; align_last_edited=&#8221;on|desktop&#8221; _builder_version=&#8221;3.26.3&#8243; box_shadow_style=&#8221;preset1&#8243; custom_margin=&#8221;|40px||&#8221;][\/et_pb_image][\/et_pb_column][\/et_pb_row][\/et_pb_section][et_pb_section fb_built=&#8221;1&#8243; _builder_version=&#8221;3.22&#8243; background_color=&#8221;#dddddd&#8221; max_width=&#8221;80%&#8221; module_alignment=&#8221;center&#8221; custom_padding=&#8221;22px|0px|0|0px|false|false&#8221;][et_pb_row custom_padding=&#8221;1px|0px|9px|0px|false|false&#8221; _builder_version=&#8221;3.25&#8243;][et_pb_column type=&#8221;4_4&#8243; _builder_version=&#8221;3.25&#8243; custom_padding=&#8221;|||&#8221; custom_padding__hover=&#8221;|||&#8221;][et_pb_text _builder_version=&#8221;3.26.3&#8243; text_font=&#8221;Arial|600|||||||&#8221; text_text_color=&#8221;#000000&#8243; text_font_size=&#8221;30px&#8221; header_font=&#8221;||||||||&#8221; header_2_font=&#8221;Times New Roman|600|||||||&#8221; header_2_font_size=&#8221;30px&#8221; min_height=&#8221;0px&#8221;]<\/p>\n<h2>Globales Ranking<\/h2>\n<p>[\/et_pb_text][et_pb_text _builder_version=&#8221;3.26.3&#8243;]<\/p>\n<p>Mauritius ist mit gro\u00dfem Abstand f\u00fchrend in Afrika:<\/p>\n<p>[\/et_pb_text][et_pb_text _builder_version=&#8221;3.26.3&#8243; header_font=&#8221;||||||||&#8221; background_color=&#8221;#f9f9f9&#8243;]<\/p>\n<table width=\"1137\">\n<tbody>\n<tr>\n<td width=\"569\"><b>Index<\/b><\/td>\n<td width=\"402\"><b>Global Rank<\/b><\/td>\n<td width=\"167\"><b>Africa<\/b><b> Rank<\/b><\/td>\n<\/tr>\n<tr>\n<td width=\"569\">World Bank Doing Business 2020<\/td>\n<td width=\"402\">13 out of 190 countries<\/td>\n<td width=\"167\">1st<\/td>\n<\/tr>\n<tr>\n<td width=\"569\">Global Competitiveness Index 2019<\/td>\n<td width=\"402\">52 out of 140 countries<\/td>\n<td width=\"167\">1st<\/td>\n<\/tr>\n<tr>\n<td width=\"569\">Corruption Perceptions Index 2017 (Transparency International)<\/td>\n<td width=\"402\">54 out of 180 countries<\/td>\n<td width=\"167\">6th<\/td>\n<\/tr>\n<tr>\n<td width=\"569\">International Property Rights Index 2016<\/td>\n<td width=\"402\">34 out of 128 countries<\/td>\n<td width=\"167\">3rd<\/td>\n<\/tr>\n<tr>\n<td width=\"569\">Mo Ibrahim Index of African Governance 2016<\/td>\n<td width=\"402\">&#8211;<\/td>\n<td width=\"167\">1st<\/td>\n<\/tr>\n<tr>\n<td width=\"569\">Press Freedom Index 2017 (Reporters without Borders)<\/td>\n<td width=\"402\">56 out of 180 countries<\/td>\n<td width=\"167\">8th<\/td>\n<\/tr>\n<tr>\n<td width=\"569\">The A.T. Kearney Global Services Location Index, 2017<\/td>\n<td width=\"402\">34 out of 50 countries<\/td>\n<td width=\"167\">4th<\/td>\n<\/tr>\n<tr>\n<td width=\"569\">2019 Index of Economic Freedom (Heritage Foundation)<\/td>\n<td width=\"402\">25 out of 186 countries<\/td>\n<td width=\"167\">1st<\/td>\n<\/tr>\n<tr>\n<td width=\"569\">Economic Freedom of the World 2016 (Fraser Institute)<\/td>\n<td width=\"402\">5 out of 159 countries<\/td>\n<td width=\"167\">1st<\/td>\n<\/tr>\n<tr>\n<td width=\"569\">Human Development Index 2017<\/td>\n<td width=\"402\">65 out of 189 countries<\/td>\n<td width=\"167\">1st<\/td>\n<\/tr>\n<tr>\n<td width=\"569\">Democracy Index 2017 &#8211; Economist Intelligence Unit<\/td>\n<td width=\"402\">Full Democracy &#8211; 16 out of 167 countries<\/td>\n<td width=\"167\">1st<\/td>\n<\/tr>\n<tr>\n<td width=\"569\">Knowledge Economy Index 2017<\/td>\n<td width=\"402\">61 out of 145 countries<\/td>\n<td width=\"167\">1st<\/td>\n<\/tr>\n<tr>\n<td width=\"569\">Global Enabling Trade Report 2016<\/td>\n<td width=\"402\">39 out of 136 countries<\/td>\n<td width=\"167\">1st<\/td>\n<\/tr>\n<tr>\n<td width=\"569\">Environmental Performance Index 2016<\/td>\n<td width=\"402\">77 out of 180 countries<\/td>\n<td width=\"167\">1st<\/td>\n<\/tr>\n<tr>\n<td width=\"569\">Mercer\u2019s 2018 Quality of Living Survey<\/td>\n<td width=\"402\">83 out of 230 countries<\/td>\n<td width=\"167\">1st<\/td>\n<\/tr>\n<tr>\n<td width=\"569\">E-government development Index 2018<\/td>\n<td width=\"402\">66 out of 193 countries<\/td>\n<td width=\"167\">1st<\/td>\n<\/tr>\n<tr>\n<td width=\"569\">Global Information Technology Report 2016<\/td>\n<td width=\"402\">49 out of 139 countries<\/td>\n<td width=\"167\">1st<\/td>\n<\/tr>\n<tr>\n<td width=\"569\">Forbes Survey of Best Countries for Business 2018<\/td>\n<td width=\"402\">41 out of 153 countries<\/td>\n<td width=\"167\">1st<\/td>\n<\/tr>\n<tr>\n<td width=\"569\">Social Progress Index 2018<\/td>\n<td width=\"402\">43 out of 133 countries<\/td>\n<td width=\"167\">1st<\/td>\n<\/tr>\n<tr>\n<td width=\"569\">Global Cyber Security Index 2017<\/td>\n<td width=\"402\">6 out of 193 countries<\/td>\n<td width=\"167\">1st<\/td>\n<\/tr>\n<\/tbody>\n<\/table>\n<p>&nbsp;<\/p>\n<p>[\/et_pb_text][\/et_pb_column][\/et_pb_row][\/et_pb_section]<\/p>\n","protected":false},"excerpt":{"rendered":"<p>&nbsp; Mauritius geh\u00f6rt weltweit zu den 13 besten Gesch\u00e4ftsstandorten. In den meisten Ranglisten ist Mauritius dar\u00fcber hinaus die Nummer eins in Afrika.Ranking von Mauritius im internationalen Vergleich &nbsp;Doing Business Mauritius steht seit langem f\u00fcr politische Stabilit\u00e4t und wird im \u201cDoing Business Report\u201d der Weltbank f\u00fcr 2020 auf Rang 13 von insgesamt 190 L\u00e4ndern aufgef\u00fchrt. (2019: [&hellip;]<\/p>\n","protected":false},"author":1,"featured_media":0,"parent":1338,"menu_order":0,"comment_status":"closed","ping_status":"closed","template":"","meta":{"_et_pb_use_builder":"on","_et_pb_old_content":"","_et_gb_content_width":""},"yoast_head":"<!-- This site is optimized with the Yoast SEO plugin v17.9 - https:\/\/yoast.com\/wordpress\/plugins\/seo\/ -->\n<title>Top-Ranking von Mauritius im globalen Kontext - Pro Mauritius<\/title>\n<meta name=\"description\" content=\"Mauritius geh\u00f6rt weltweit zu den 20 besten Gesch\u00e4ftsstandorten, mit dem besten Ranking in Afrika in den allermeisten Kategorien\" \/>\n<meta name=\"robots\" content=\"index, follow, max-snippet:-1, max-image-preview:large, max-video-preview:-1\" \/>\n<link rel=\"canonical\" href=\"https:\/\/pro-mauritius.com\/home\/mauritius\/ranking\/\" \/>\n<meta property=\"og:locale\" content=\"en_US\" \/>\n<meta property=\"og:type\" content=\"article\" \/>\n<meta property=\"og:title\" content=\"Top-Ranking von Mauritius im globalen Kontext - Pro Mauritius\" \/>\n<meta property=\"og:description\" content=\"Mauritius geh\u00f6rt weltweit zu den 20 besten Gesch\u00e4ftsstandorten, mit dem besten Ranking in Afrika in den allermeisten Kategorien\" \/>\n<meta property=\"og:url\" content=\"https:\/\/pro-mauritius.com\/home\/mauritius\/ranking\/\" \/>\n<meta property=\"og:site_name\" content=\"Pro Mauritius\" \/>\n<meta property=\"article:modified_time\" content=\"2020-01-11T06:03:59+00:00\" \/>\n<meta name=\"twitter:card\" content=\"summary_large_image\" \/>\n<meta name=\"twitter:label1\" content=\"Est. reading time\" \/>\n\t<meta name=\"twitter:data1\" content=\"8 minutes\" \/>\n<script type=\"application\/ld+json\" class=\"yoast-schema-graph\">{\"@context\":\"https:\/\/schema.org\",\"@graph\":[{\"@type\":\"WebSite\",\"@id\":\"https:\/\/pro-mauritius.com\/home\/#website\",\"url\":\"https:\/\/pro-mauritius.com\/home\/\",\"name\":\"Pro Mauritius\",\"description\":\"One-stop Consulting for companies, entrepreneurs and expats relocating to Mauritius\",\"potentialAction\":[{\"@type\":\"SearchAction\",\"target\":{\"@type\":\"EntryPoint\",\"urlTemplate\":\"https:\/\/pro-mauritius.com\/home\/?s={search_term_string}\"},\"query-input\":\"required name=search_term_string\"}],\"inLanguage\":\"en-US\"},{\"@type\":\"WebPage\",\"@id\":\"https:\/\/pro-mauritius.com\/home\/mauritius\/ranking\/#webpage\",\"url\":\"https:\/\/pro-mauritius.com\/home\/mauritius\/ranking\/\",\"name\":\"Top-Ranking von Mauritius im globalen Kontext - Pro Mauritius\",\"isPartOf\":{\"@id\":\"https:\/\/pro-mauritius.com\/home\/#website\"},\"datePublished\":\"2019-01-12T12:55:40+00:00\",\"dateModified\":\"2020-01-11T06:03:59+00:00\",\"description\":\"Mauritius geh\\u00f6rt weltweit zu den 20 besten Gesch\\u00e4ftsstandorten, mit dem besten Ranking in Afrika in den allermeisten Kategorien\",\"breadcrumb\":{\"@id\":\"https:\/\/pro-mauritius.com\/home\/mauritius\/ranking\/#breadcrumb\"},\"inLanguage\":\"en-US\",\"potentialAction\":[{\"@type\":\"ReadAction\",\"target\":[\"https:\/\/pro-mauritius.com\/home\/mauritius\/ranking\/\"]}]},{\"@type\":\"BreadcrumbList\",\"@id\":\"https:\/\/pro-mauritius.com\/home\/mauritius\/ranking\/#breadcrumb\",\"itemListElement\":[{\"@type\":\"ListItem\",\"position\":1,\"name\":\"Home\",\"item\":\"https:\/\/pro-mauritius.com\/home\/\"},{\"@type\":\"ListItem\",\"position\":2,\"name\":\"Mauritius\",\"item\":\"https:\/\/pro-mauritius.com\/home\/mauritius\/\"},{\"@type\":\"ListItem\",\"position\":3,\"name\":\"Globales Ranking\"}]}]}<\/script>\n<!-- \/ Yoast SEO plugin. -->","yoast_head_json":{"title":"Top-Ranking von Mauritius im globalen Kontext - Pro Mauritius","description":"Mauritius geh\u00f6rt weltweit zu den 20 besten Gesch\u00e4ftsstandorten, mit dem besten Ranking in Afrika in den allermeisten Kategorien","robots":{"index":"index","follow":"follow","max-snippet":"max-snippet:-1","max-image-preview":"max-image-preview:large","max-video-preview":"max-video-preview:-1"},"canonical":"https:\/\/pro-mauritius.com\/home\/mauritius\/ranking\/","og_locale":"en_US","og_type":"article","og_title":"Top-Ranking von Mauritius im globalen Kontext - Pro Mauritius","og_description":"Mauritius geh\u00f6rt weltweit zu den 20 besten Gesch\u00e4ftsstandorten, mit dem besten Ranking in Afrika in den allermeisten Kategorien","og_url":"https:\/\/pro-mauritius.com\/home\/mauritius\/ranking\/","og_site_name":"Pro Mauritius","article_modified_time":"2020-01-11T06:03:59+00:00","twitter_card":"summary_large_image","twitter_misc":{"Est. reading time":"8 minutes"},"schema":{"@context":"https:\/\/schema.org","@graph":[{"@type":"WebSite","@id":"https:\/\/pro-mauritius.com\/home\/#website","url":"https:\/\/pro-mauritius.com\/home\/","name":"Pro Mauritius","description":"One-stop Consulting for companies, entrepreneurs and expats relocating to Mauritius","potentialAction":[{"@type":"SearchAction","target":{"@type":"EntryPoint","urlTemplate":"https:\/\/pro-mauritius.com\/home\/?s={search_term_string}"},"query-input":"required name=search_term_string"}],"inLanguage":"en-US"},{"@type":"WebPage","@id":"https:\/\/pro-mauritius.com\/home\/mauritius\/ranking\/#webpage","url":"https:\/\/pro-mauritius.com\/home\/mauritius\/ranking\/","name":"Top-Ranking von Mauritius im globalen Kontext - Pro Mauritius","isPartOf":{"@id":"https:\/\/pro-mauritius.com\/home\/#website"},"datePublished":"2019-01-12T12:55:40+00:00","dateModified":"2020-01-11T06:03:59+00:00","description":"Mauritius geh\u00f6rt weltweit zu den 20 besten Gesch\u00e4ftsstandorten, mit dem besten Ranking in Afrika in den allermeisten Kategorien","breadcrumb":{"@id":"https:\/\/pro-mauritius.com\/home\/mauritius\/ranking\/#breadcrumb"},"inLanguage":"en-US","potentialAction":[{"@type":"ReadAction","target":["https:\/\/pro-mauritius.com\/home\/mauritius\/ranking\/"]}]},{"@type":"BreadcrumbList","@id":"https:\/\/pro-mauritius.com\/home\/mauritius\/ranking\/#breadcrumb","itemListElement":[{"@type":"ListItem","position":1,"name":"Home","item":"https:\/\/pro-mauritius.com\/home\/"},{"@type":"ListItem","position":2,"name":"Mauritius","item":"https:\/\/pro-mauritius.com\/home\/mauritius\/"},{"@type":"ListItem","position":3,"name":"Globales Ranking"}]}]}},"_links":{"self":[{"href":"https:\/\/pro-mauritius.com\/home\/wp-json\/wp\/v2\/pages\/1346"}],"collection":[{"href":"https:\/\/pro-mauritius.com\/home\/wp-json\/wp\/v2\/pages"}],"about":[{"href":"https:\/\/pro-mauritius.com\/home\/wp-json\/wp\/v2\/types\/page"}],"author":[{"embeddable":true,"href":"https:\/\/pro-mauritius.com\/home\/wp-json\/wp\/v2\/users\/1"}],"replies":[{"embeddable":true,"href":"https:\/\/pro-mauritius.com\/home\/wp-json\/wp\/v2\/comments?post=1346"}],"version-history":[{"count":8,"href":"https:\/\/pro-mauritius.com\/home\/wp-json\/wp\/v2\/pages\/1346\/revisions"}],"predecessor-version":[{"id":2165,"href":"https:\/\/pro-mauritius.com\/home\/wp-json\/wp\/v2\/pages\/1346\/revisions\/2165"}],"up":[{"embeddable":true,"href":"https:\/\/pro-mauritius.com\/home\/wp-json\/wp\/v2\/pages\/1338"}],"wp:attachment":[{"href":"https:\/\/pro-mauritius.com\/home\/wp-json\/wp\/v2\/media?parent=1346"}],"curies":[{"name":"wp","href":"https:\/\/api.w.org\/{rel}","templated":true}]}}